1
Suppose 4*o + 5*p - 18490 = 90134, 3*p = 0. What are the prime factors of o?
2, 3, 31, 73
Suppose 0 = -6*f + 5*f - 5*d + 363, -5*f = d - 1767. Let n = f - 181. What are the prime factors of n?
2, 43
Let n(c) be the first derivative of c**3 + 3*c**2/2 - 29*c - 4. Suppose f - 2*a = -4*a - 17, 6 = -2*f + 3*a. What are the prime factors of n(f)?
11, 17
Suppose 24*q = 44 + 52. Suppose q*x - 749 = -3*n, -3*x = 5*n - 249 - 992. What are the prime factors of n?
13, 19
Let b be 4 + (4/18 - (-22)/(-18)). Suppose b = -2*d - r, 16 + 4 = -4*r. What are the prime factors of (-1 + 39 - d) + -2?
5, 7
Let c(m) = m**3 + 19*m**2 + 14*m + 13. Let y be c(-17). Suppose -2*n = o - 269, 0 = -5*o - 4*n - y + 1710. List the prime factors of o.
3, 7, 13
Let k(o) = -1201*o + 725. What are the prime factors of k(-1)?
2, 3, 107
Let v(y) = 132*y**2 - 5*y - 266. What are the prime factors of v(-14)?
2, 7, 131
Let v(h) = h**3 + 17*h**2 + 3*h + 24108. What are the prime factors of v(0)?
2, 3, 7, 41
Suppose -5*v - v = -156. Suppose 2*z = 2*g - 2, -4*g - 16 = 5*z + 16. List the prime factors of (-3)/(3/14)*v/z.
7, 13
Suppose -u = -5*l - 231, 0 = -0*u + 5*u - 3*l - 1089. Let z = 545 - u. List the prime factors of z.
7, 47
Suppose -262 = -17*c + 571. Suppose 55*l - 2082 = c*l. List the prime factors of l.
347
Suppose 20 = -4*y + 6*h - 2*h, -2*y + 4*h - 14 = 0. Let i(c) = -9*c**3 + 7*c**2 + 3*c + 12. What are the prime factors of i(y)?
3, 103
Let z = -330 + 334. Suppose -q + z*b = q - 3268, -3*q = -3*b - 4899. List the prime factors of q.
2, 3, 17
Let n(v) = -6106*v - 116. What are the prime factors of n(-1)?
2, 5, 599
Suppose 2*s - 173287 = -5*v + 87031, 5*v - 5*s - 260360 = 0. What are the prime factors of v?
2, 7, 3719
Let c(h) = -h**2 + 7*h + 6. Let x(m) = 2*m**2 - 5*m + 4. Let q be x(3). Let k be c(q). What are the prime factors of (-7)/(63/(-60))*k/4?
2, 5
Let g = 160 - 103. Let y = g - -92. Suppose 5*u = 0, -3*c + 112 + y = 2*u. What are the prime factors of c?
3, 29
Let g = -18111 - -50920. What are the prime factors of g?
7, 43, 109
Let n(y) = -821*y + 438. List the prime factors of n(-2).
2, 5, 13
Let u be (3 + 0 - 3)/((-3)/(-1)). Suppose u = 17*a - 776 - 465. List the prime factors of a.
73
Suppose -z = -5*i - 1, 3*z - 4 = 5*i - z. Suppose i = -2*r + 31 - 1. Suppose 3*b = g + 360, -r = -5*g - 0*g. List the prime factors of b.
11
Suppose -67*o = -75*o + 24. Suppose -5*c = -o*j - 5744, 3964 = 5*c + 2*j - 1790. List the prime factors of c.
2, 5, 23
Suppose -m + 4*o = 254, 9*m - 8*m = -5*o - 263. Let g = 311 - m. What are the prime factors of g?
569
Let a(p) be the first derivative of 26*p**3/3 + 17*p**2/2 - 79*p + 139. List the prime factors of a(5).
2, 41
Let q = -41882 + 64169. List the prime factors of q.
3, 17, 19, 23
Suppose 5*s = 4*w + 279 - 85, -2*s = 2*w - 92. Let b be (-1 - 0)/(7/s). List the prime factors of (-235)/b + 10/(-60).
3, 13
Suppose -o + 426 = -4*z - 15431, 5*o = z + 79304. Suppose -5*j - 12*j + o = 0. What are the prime factors of j?
3, 311
Suppose 14 = 27*m - 29*m. Let i(a) = 5*a + 38. Let u be i(m). Suppose h - 540 = -u*h. What are the prime factors of h?
3, 5
Let f(q) = -9*q**3 - 15*q**2 - 5*q + 8. Let b(y) = 8*y**3 + 13*y**2 + 4*y - 7. Let k(g) = -6*b(g) - 5*f(g). What are the prime factors of k(-5)?
3, 11
Let w(j) = j**2 + 50*j - 99. Let c be w(-52). Suppose c*k + 5*v - 1045 = 0, 2*v = k - v - 213. What are the prime factors of k?
2, 3, 5, 7
Let w(q) = 6*q**2 + 74*q + 287. Let f(k) = 3*k**2 + 36*k + 143. Let y(l) = -5*f(l) + 3*w(l). What are the prime factors of y(-14)?
2, 73
Suppose -7*r + 11*r + 64 = -4*j, -4*j = -4*r - 80. Let c(n) = 4*n**2 - 16*n - 260. List the prime factors of c(r).
2, 331
Let f = 4515 - 1623. What are the prime factors of f?
2, 3, 241
Let r = -345 + 188. Let g = -151 - r. Suppose -2*t + g + 30 = j, -150 = -4*j - 2*t. List the prime factors of j.
2, 19
Suppose 6*r - 105 - 2769 = 0. Let m = -284 + r. What are the prime factors of m?
3, 5, 13
Let r(f) = -9*f**2 + 103*f + 106*f - 21 - 215*f - f**3. List the prime factors of r(-9).
3, 11
Suppose -3*k + 67 = 49. Let r(c) = 42*c + 67. What are the prime factors of r(k)?
11, 29
Suppose -13*j + 2*j + 33 = 0. Suppose j*d + 2*z + 2*z = 997, -3*d - z + 1012 = 0. List the prime factors of d.
3, 113
Suppose 5*f = 5*u - 9780, 0 = -2*u - 4*f - f + 3940. Suppose -21*d = -25*d + u. List the prime factors of d.
2, 5, 7
Suppose -z = -6*z + 20. Suppose -z*r - k - 355 = 0, 3*k - 302 = 3*r - 32. Let w = r + 127. What are the prime factors of w?
2, 19
Suppose -20*k + 17*k = 18. Suppose 2*p - 6*p + 115 = 3*v, 70 = 2*v + 4*p. List the prime factors of -3*(-5)/v - 328/k.
5, 11
Let s(j) be the first derivative of 7*j**2/2 - 15*j + 28. Let y be s(4). Suppose -y*a + 15*a = 222. List the prime factors of a.
3, 37
Let k be 12 + 1 - (-3 - (-4)/1). Let u be 1462/k + 1/6. Let d = 12 + u. List the prime factors of d.
2, 67
Let c be (-37498)/20 + (-3)/30. Let u = -1060 - c. What are the prime factors of u?
5, 163
Let j = -35 + 37. Suppose -n + 76 = -j*m, 4*n = 5*m + 5*n + 197. What are the prime factors of 4*((-3)/4)/(m/1079)?
83
Let z(o) = 35*o**2 - 18. Let v be z(5). Suppose -5*x + v = -983. List the prime factors of x.
2, 23
Suppose 4 = 4*v - 12. Suppose 0 = -9*o - v*o + 702. What are the prime factors of o?
2, 3
Let u = -1709 + 2612. Suppose -223*s + 216*s = -u. What are the prime factors of s?
3, 43
Let u be -251 + 6/(-12)*2. List the prime factors of 2/(-28)*-6 - 142776/u.
3, 7
Let v(j) = -33*j**2. Let l(f) = -17*f**2. Let w(x) = -9*l(x) + 4*v(x). Let q be w(-1). Suppose -509 = -5*u + q. What are the prime factors of u?
2, 53
Let m be 1/(8/6) - (-27755)/28. Let k = -645 + m. What are the prime factors of k?
347
Suppose -4*s - 6 = -166. Let t = 19 - s. Let j = t - -26. What are the prime factors of j?
5
Let i(m) = 119*m**2 + 33*m + 152. What are the prime factors of i(-5)?
2, 1481
Let l(u) be the third derivative of 19*u**4/12 + u**3/2 - 50*u**2. What are the prime factors of l(6)?
3, 7, 11
Let l = -6741 + 13531. List the prime factors of l.
2, 5, 7, 97
Let s = 67 + -63. Suppose -c = 5*u + 15, c = s*u + 2 + 10. Suppose 0 = -2*g - c*g + 4. List the prime factors of g.
2
Let d(g) be the second derivative of -95*g**3/6 - 5*g**2 + 5*g - 2. What are the prime factors of d(-1)?
5, 17
Suppose 26*v = 25*v + 5. Suppose x - a = 3*x - 5, -v*x = -3*a - 18. List the prime factors of 3/(-1) + (x - -81).
3
Suppose -16 = f - 38. Suppose -4*n - 28 = -6*y + 2*y, -4*y - 2*n + f = 0. List the prime factors of 11/(99/y) - (-596)/6.
2, 5
Let d = -13769 - -20749. List the prime factors of d.
2, 5, 349
Let h = 20422 + -12197. List the prime factors of h.
5, 7, 47
Let t be (-169)/(-39) + (-2)/6. Suppose -j + 5*j + 5*s = -365, -2*s = t*j + 362. List the prime factors of 6/10*j/(0 + -3).
2, 3
Let j(a) = 325*a - 15. Let i = 60 + -59. What are the prime factors of j(i)?
2, 5, 31
List the prime factors of (3395/10)/((-10)/(-860)).
7, 43, 97
List the prime factors of 17418 + -2 + -2 - (-290)/58.
17419
What are the prime factors of 10 + -1 - (-5389 - -144)?
2, 37, 71
Let j = 24312 + -6567. What are the prime factors of j?
3, 5, 7, 13
Suppose 96096 = 176*j - 164*j. List the prime factors of j.
2, 7, 11, 13
Suppose -4 = 2*a - 4*a. Suppose -o - a*o = -5*p + 14, -2*p = -8. Suppose o*b + 355 = 7*b. What are the prime factors of b?
71
Let w(g) = 5*g**2 + 6*g + 29. Suppose 57 = 7*l - 20. What are the prime factors of w(l)?
2, 5, 7
Let d be (-2504)/(-24) + (-4)/3. Let f be (8/(-6) + 2)/((-10)/(-45)). What are the prime factors of d + -5 + f + (2 - -4)?
107
Let c = -363 - -357. List the prime factors of 42453/45 + (c/(-15))/(-1).
23, 41
Suppose -6*m = m - 14. Suppose -2*y + a - 3*a + 12 = 0, y = a + m. Suppose 763 = y*i + 147. List the prime factors of i.
2, 7, 11
Suppose o + 6322 = -5*d + 30976, 0 = 3*o + 18. List the prime factors of d.
2, 3, 137
Suppose -90*t + 790304 + 3811396 = 0. List the prime factors of t.
2, 5, 5113
Suppose 0 = 2*w - 3*k - 15, -8 = -5*w + k + 10. Suppose w*z = -190 + 1084. What are the prime factors of z?
2, 149
Suppose -22 = q - 52. Let t(x) = 35*x**2 + 37*x**2 + q*x**2 - x**3 - 103*x**2 + 150. What are the prime factors of t(0)?
2, 3, 5
Suppose -494*q - 5304076 = -586*q. What are the prime factors of q?
57653
Le